216 is divided by 55.
51
Calculate the remainder when 1045 is divided by 57.
19
Calculate the remainder when 606 is divided by 62.
48
What is the remainder when 530 is divided by 33?
2
Calculate the remainder when 297 is divided by 62.
49
What is the remainder when 475 is divided by 17?
16
What is the remainder when 11 is divided by 2?
1
What is the remainder when 1528 is divided by 758?
12
What is the remainder when 46 is divided by 8?
6
What is the remainder when 106 is divided by 50?
6
What is the remainder when 505 is divided by 18?
1
What is the remainder when 80 is divided by 18?
8
What is the remainder when 218 is divided by 57?
47
Calculate the remainder when 11854 is divided by 5.
4
What is the remainder when 1441 is divided by 39?
37
Calculate the remainder when 70 is divided by 7.
0
What is the remainder when 528 is divided by 59?
56
What is the remainder when 1643 is divided by 182?
5
What is the remainder when 249 is divided by 15?
9
What is the remainder when 467 is divided by 160?
147
Calculate the remainder when 1927 is divided by 160.
7
What is the remainder when 1340 is divided by 61?
59
What is the remainder when 538 is divided by 290?
248
What is the remainder when 310 is divided by 40?
30
Calculate the remainder when 32 is divided by 22.
10
Calculate the remainder when 108 is divided by 90.
18
Calculate the remainder when 190 is divided by 22.
14
What is the remainder when 442 is divided by 38?
24
What is the remainder when 50 is divided by 26?
24
What is the remainder when 174 is divided by 43?
2
Calculate the remainder when 778 is divided by 387.
4
What is the remainder when 139 is divided by 47?
45
What is the remainder when 105 is divided by 27?
24
Calculate the remainder when 22 is divided by 19.
3
What is the remainder when 268 is divided by 89?
1
What is the remainder when 52 is divided by 15?
7
Calculate the remainder when 2750 is divided by 685.
10
What is the remainder when 4280 is divided by 186?
2
What is the remainder when 154 is divided by 4?
2
What is the remainder when 2559 is divided by 40?
39
Calculate the remainder when 1077 is divided by 359.
0
Calculate the remainder when 865 is divided by 14.
11
What is the remainder when 195 is divided by 30?
15
Calculate the remainder when 48 is divided by 3.
0
Calculate the remainder when 1947 is divided by 15.
12
Calculate the remainder when 1057 is divided by 23.
22
What is the remainder when 1739 is divided by 83?
79
Calculate the remainder when 121 is divided by 18.
13
Calculate the remainder when 90 is divided by 82.
8
What is the remainder when 235 is divided by 74?
13
What is the remainder when 283 is divided by 26?
23
Calculate the remainder when 189 is divided by 137.
52
Calculate the remainder when 27 is divided by 23.
4
What is the remainder when 682 is divided by 366?
316
What is the remainder when 3686 is divided by 24?
14
Calculate the remainder when 14532 is divided by 51.
48
What is the remainder when 7481 is divided by 258?
257
Calculate the remainder when 843 is divided by 245.
108
What is the remainder when 441 is divided by 26?
25
What is the remainder when 28 is divided by 12?
4
Calculate the remainder when 226 is divided by 29.
23
What is the remainder when 1056 is divided by 264?
0
Calculate the remainder when 3055 is divided by 509.
1
Calculate the remainder when 1470 is divided by 37.
27
What is the remainder when 454 is divided by 129?
67
Calculate the remainder when 566 is divided by 27.
26
Calculate the remainder when 583 is divided by 312.
271
What is the remainder when 902 is divided by 441?
20
Calculate the remainder when 353 is divided by 125.
103
Calculate the remainder when 143 is divided by 28.
3
What is the remainder when 188 is divided by 51?
35
What is the remainder when 487 is divided by 485?
2
Calculate the remainder when 1267 is divided by 31.
27
What is the remainder when 219 is divided by 22?
21
Calculate the remainder when 84 is divided by 46.
38
What is the remainder when 92 is divided by 24?
20
What is the remainder when 621 is divided by 37?
29
What is the remainder when 14246 is divided by 9?
8
Calculate the remainder when 362 is divided by 23.
17
What is the remainder when 486 is divided by 29?
22
Calculate the remainder when 258 is divided by 89.
80
Calculate the remainder when 1871 is divided by 132.
23
What is the remainder when 1016 is divided by 14?
8
Calculate the remainder when 181 is divided by 47.
40
What is the remainder when 3711 is divided by 12?
3
What is the remainder when 230 is divided by 22?
10
Calculate the remainder when 4929 is divided by 820.
9
What is the remainder when 98 is divided by 52?
46
What is the remainder when 687 is divided by 23?
20
What is the remainder when 157 is divided by 15?
7
Calculate the remainder when 373 is divided by 58.
25
What is the remainder when 3067 is divided by 1524?
19
Calculate the remainder when 64 is divided by 27.
10
What is the remainder when 80 is divided by 33?
14
Calculate the remainder when 184 is divided by 21.
16
Calculate the remainder when 244 is divided by 25.
19
Calculate the remainder when 234 is divided by 60.
54
Calculate the remainder when 179 is divided by 27.
17
Calculate the remainder when 209 is divided by 4.
1
Calculate the remainder when 1017 is divided by 52.
29
What is the remainder when 37 is divided by 3?
1
What is the remainder when 10800 is divided by 37?
33
What is the remainder when 117 is divided by 40?
37
What is the remainder when 5247 is divided by 7?
4
Calculate the remainder when 180 is divided by 91.
89
What is the remainder when 250 is divided by 36?
34
What is the remainder when 49939 is divided by 279?
277
What is the remainder when 212 is divided by 31?
26
Calculate the remainder when 4781 is divided by 165.
161
What is the remainder when 329 is divided by 75?
29
What is the remainder when 96 is divided by 84?
12
Calculate the remainder when 244 is divided by 119.
6
What is the remainder when 368 is divided by 179?
10
Calculate the remainder when 75 is divided by 2.
1
Calculate the remainder when 12242 is divided by 78.
74
Calculate the remainder when 3169 is divided by 69.
64
Calculate the remainder when 2689 is divided by 117.
115
What is the remainder when 127 is divided by 13?
10
Calculate the remainder when 533 is divided by 34.
23
Calculate the remainder when 840 is divided by 213.
201
What is the remainder when 12062 is divided by 27?
20
Calculate the remainder when 58 is divided by 37.
21
Calculate the remainder when 4758 is divided by 474.
18
What is the remainder when 571 is divided by 45?
31
What is the remainder when 817 is divided by 72?
25
What is the remainder when 256 is divided by 132?
124
What is the remainder when 4007 is divided by 34?
29
Calculate the remainder when 2186 is divided by 81.
80
Calculate the remainder when 1797 is divided by 220.
37
What is the remainder when 81 is divided by 13?
3
Calculate the remainder when 291 is divided by 89.
24
What is the remainder when 119 is divided by 38?
5
Calculate the remainder when 315 is divided by 32.
27
Calculate the remainder when 481 is divided by 19.
6
Calculate the remainder when 2504 is divided by 2.
0
Calculate the remainder when 188 is divided by 52.
32
What is the remainder when 25871 is divided by 44?
43
What is the remainder when 563 is divided by 119?
87
What is the remainder when 389 is divided by 9?
2
Calculate the remainder when 437 is divided by 96.
53
Calculate the remainder when 4297 is divided by 86.
83
What is the remainder when 1042 is divided by 46?
30
What is the remainder when 381 is divided by 30?
21
Calculate the remainder when 454 is divided by 42.
34
What is the remainder when 723 is divided by 118?
15
What is the remainder when 201 is divided by 92?
17
What is the remainder when 5403 is divided by 6?
3
Calculate the remainder when 227 is divided by 23.
20
Calculate the remainder when 4693 is divided by 37.
31
Calculate the remainder when 14 is divided by 1.
0
Calculate the remainder when 175 is divided by 8.
7
Calculate the remainder when 14110 is divided by 24.
22
What is the remainder when 90 is divided by 24?
18
What is the remainder when 334 is divided by 57?
49
What is the remainder when 4062 is divided by 8?
6
Ca